 22.
13
What is 8 + 0 + 5 + 6 - 7?
12
-91 + 106 - (5 - (2 - (-1 - -1)))
12
Evaluate -1 + -1 - (14 - (21 + -5)) - 3.
-3
Calculate (-2 - 15) + 184 + -180.
-13
What is 0 - 5 - (82 + -76 - 22)?
11
What is the value of 95 - 83 - (8 - 0) - 16?
-12
What is the value of 41 + -52 + 2 + -8 + 0?
-17
What is the value of -3 + -13 - (104 - 95)?
-25
34 + 28 + -30 - (3 + 10)
19
Evaluate 38 + 32 + 2 + -46.
26
Calculate -4 + (-5 - 0) + -173 + 166.
-16
Calculate (3 - (-10 + 33 + -13)) + (-5 - 0).
-12
Evaluate (2 - -11) + (78 - 98).
-7
What is the value of (114 - 104) + -3 + 2 + 1?
10
Calculate (-10 - 0) + (10 - -3) + -3.
0
(-27 - (-2 - 2)) + (37 - 29 - 13)
-28
12 + (-6 + 13 + (7 - 3) - 8)
15
What is the value of 9 + (-4 - 5) + 8 + -4 + -3?
1
Calculate (45 - (26 + 17)) + 2 + 0.
4
What is -4 + 7 - (-13 + 9 + 10 + -1)?
-2
What is the value of -3 + 14 + -3 + -8 + (4 - 3)?
1
Calculate 12 - 5 - -9 - (-3 - -41).
-22
What is the value of -1 - (-1 + 17) - (1 + -10 + 1)?
-9
(-1 - -6) + (-8 - 0) + 3
0
(-3 - 12) + -6 + 9
-12
What is the value of (0 - 6) + -197 + 183 + -1?
-21
What is (-8 - -36) + (-2 - 0 - 6)?
20
3 - -15 - ((8 - (32 - 10)) + 9)
23
What is the value of (2 - 9) + (4 + 0 - (-3 + 2))?
-2
Evaluate (6 - -2) + -7 + 0 + -121 + 123.
3
13 - (-28 + 23 - (-1 + 0))
17
Evaluate (24 - 29) + 32 - 59.
-32
What is the value of (-1 - (-3 + (-1 - 1))) + (-27 - -3)?
-20
(0 - 2) + 4 - (13 - (29 + -14))
4
Calculate (3 + -5 - -7) + 10 + -10.
5
What is 18 + -47 + 23 - (3 + -1)?
-8
Calculate (4 - 2) + 15 + 15 + -30 + -25.
-23
(87 - 77) + -1 + -11 - (0 + -19)
17
-7 + -9 + (-8 - -8) + 6
-10
Evaluate -12 - (14 + (-1 - (1 + 8))).
-16
What is the value of -8 + (-22 - (4 + -43))?
9
-7 + 1 + (-3 - -6) + 0 + -8
-11
Evaluate -7 + (2 - 9) - (-21 + 3).
4
Evaluate -19 + 31 + (-1 - 4).
7
-2 + 31 - ((-21 + 12 - -14) + 1)
23
What is 17 - (-15 - (24 + -70))?
-14
(8 - -4 - -2) + -18
-4
0 + -13 + -9 + -40 + 51
-11
(-22 - -2) + 20 + -9
-9
-13 - (-1 + (1 - ((1 - 7) + 9)))
-10
Evaluate -8 - (1 + 6 + -3 + -27).
15
What is 9 + -1 + -2 + -1 - (-22 - -41)?
-14
Calculate (-125 - -126) + 3 + -2 + -3 + 1.
0
What is the value of 11 - (-1 + 2) - (34 + (-16 - 0))?
-8
What is (17 - -2 - (-62 + 54)) + -12?
15
What is -6 - ((23 + -4 - -10) + -17)?
-18
7 + (-5 - 7) + (6 + -13 - 1)
-13
What is the value of 0 + (11 + 3 - 18)?
-4
What is 42 - 16 - 16 - (7 + -4) - -8?
15
What is (-4 - (-10 + -11)) + -1 + -1?
15
What is the value of (-21 - 0 - -33) + -23?
-11
What is the value of (5 - (13 - (7 - 4))) + (2 - 4)?
-7
Evaluate -1 + -1 + 4 + -6 + -9 + 4.
-9
-6 - (-10 - 13 - -23 - (-1 + 3))
-4
What is -6 + (2 - ((3 - (-7 + 11)) + 4))?
-7
Evaluate -920 - -923 - (18 + 0).
-15
What is -13 + (14 - 0) + -9 + 23?
15
Calculate 20 + (6 + 13 - 7) + -15.
17
What is -20 - (4 + -13 - (5 + -3))?
-9
What is -10 - (2 + (-6 - -3 - 5))?
-4
(8 - (8 + 1 - (-6 - -14))) + -32
-25
Calculate -2 + 0 + 14 - (-1855 + 1875).
-8
What is the value of 11 - (-5 + (-1 - -24))?
-7
23 + -13 + (-7 - -15)
18
15 - (17 + 1 + -4)
1
What is (0 - 0) + 25 + -3 + 13 + -24?
11
Calculate 0 + (-1 - (-28 + 4)).
23
Evaluate 20 + -20 + 10 + 4.
14
What is the value of 1 - -2 - 5 - (7 + -9) - 2?
-2
17 + (-30 - -12) - 18
-19
What is -8 + ((-7 - 5) + 5 - -36)?
21
Evaluate -5 + -5 + -20 + 16.
-14
Evaluate 0 + (2 - -19) + -587 + 583.
17
Calculate -10 - -1 - ((12 - 32) + 6).
5
Calculate -89 + 75 + 2 + 37.
25
Calculate (9 - 1) + -37 + 12 + 2 + -12.
-27
Calculate 18 - (14 + 2 + -5) - (-6 - -1).
12
What is 38 - (-15 - (-86 - -36))?
3
What is -20 - ((7 - 6) + -23 - -18)?
-16
Evaluate -1000 + 992 + 3 + 0.
-5
Calculate 23 - 14 - -8 - 36.
-19
Calculate (-54 + 41 - (-1 - -1)) + -8.
-21
Calculate 7 + (-13 - 4) + 1.
-9
Calculate 29 + 32 + -69 - ((-1 - -2) + 3).
-12
Evaluate -8 + -19 + (-5 - (-8 - -4)).
-28
What is 14 + -23 + -2 - -15?
4
Calculate (3 - (-11 + 4)) + -17 - -25.
18
Calculate (-15 - (2 + -22)) + (0 - 1).
4
452 - 501 - (-23 + 1)
-27
-3 + (-13 - -66) - (22 - 5)
33
Calculate -11 + 5 + (-11 + 44 - 9).
18
-61 + 43 + 5 + -1 - -4
-10
Evaluate -80 + 56 + (-12 - -1).
-35
What is (35 - (19 - 7)) + -11?
12
Evaluate -1 + 9 + -17 + 8 + 10.
9
Evaluate 31 - (-1 - (-1 + -16)).
15
What is 2 - ((2 - 12) + (-9 - -4))?
17
What is 9 - ((-3 + 9 - -8) + 21)?
-26
Evaluate (-839 - -842) + -7 + (0 - 0).
-4
What is 2 - (-7 + (3 - 8) + 21)?
-7
What is the value of 23 + (-4 - -4) - -1 - 1?
23
What is the value of (-2 - -1) + -6 + 45 + -26?
12
Calculate 284 + -295 - (-3 + -6 + -3).
1
16 + ((-4 - (9 - 13)) + 3 - 5)
14
What is the value of 20 + -10 + -10 + 33?
33
Calculate -16 + (6 - -11) + -15.
-14
8 - (-7 - -3) - (22 + -44 + 24)
10
-3 + -5 + 3 - (-7 + 8)
-6
What is -3 + 16 + -21 + 8 + -16?
-16
Evaluate -200 - -178 - (1 - 25).
2
What is the value of -20 - (-7 - (4 - 3) - -2)?
-14
What is the value of 13 - (163 - 151 - (5 + 1))?
7
Evaluate 30 + (-25 - -41) + -54.
-8
4 - (-2 + -4 + 6) - 11 - -12
5
Evaluate -29 + 5 + 21 - -15.
12
0 + -49 + 516 + -474
-7
Calculate -391 + 407 + 23 + -3.
36
What is -11 - (4 - (8 + 0 + (59 - 69)))?
-17
Calculate -15 - ((-28 + 23 - (-13 + 2)) + -5).
-16
What is the value of (-5 - (-13 - -5)) + (24 - 15)?
12
What is (17 - (-6 + -3)) + -12?
14
What is the value of -36 + (-3 - 4) + (59 - 38)?
-22
-3 + 21 + -10 + (10 - (-5 - -10))
13
What is the value of 13 + (12 - 16) + 7 + 8 + 0?
24
What is (-57 - -15) + 28 + 31?
17
What is (-80 - -82) + -3 + 13 + -18?
-6
36 - (-33 + 44 - -38)
-13
(0 - 3) + 6 + -7 + -4 + 4
-4
0 - (-1 - (-7 - -3)) - -13
10
What is the value of 8 + -2 + -3 + (-22 - -24) + 7?
12
-8 + 23 + (-1 - 8) - (1 - 4)
9
Evaluate 65 + -25 + -8 - 18.
14
Calculate (-16 - -24) + -2 - 26.
-20
(15 - 1) + -8 + (-37 - -38)
7
Evaluate (22 - 28) + (1 - 15) + (3 - -6).
-11
Calculate (10 - (-48 - -62)) + 2 + -8.
-10
14 + (-6 - ((-4 - -34) + -7))
-15
Calculate -41 - -59 - (-7 - -32).
-7
Calculate -7 + 41 + (-20 - -16) - (9 - 0).
21
Evaluate (35 - (15 + 32)) + -7.
-19
218 + -214 - (-1 + 18)
-13
-27 + (-5 - -15 - -4)
-13
Evaluate -4 + (-4 - 3) + 12 - (-10 - 6).
17
What is the value of -21 - (-17 - -3 - -10)?
-17
What is 7 - (6 - (35 - 25))?
11
-11 + -2 + 15 + (3 - 12)
-7
-39 + 26 + -11 + -3
-27
Calculate (6 - (13 + -2)) + -2.
-7
Calculate (1 - 7) + 41 + -29.
6
What is the value of (6 - (3 - 7)) + 0 + 2?
12
What is 17 - ((13 - (13 + -7)) + -23)?
33
-40 + 26 + (21 - 2) + 15
20
What is the value of -1 + -9 - ((14 - 5 - -3) + -12)?
-10
Evaluate -2 - (14 + (6 - (10 - -3) - 0)).
-9
Evaluate -19 - ((11 - 19) + -3).
-8
What is 8 + (-4 - -7) + (-11 - -11 - -6)?
17
Evaluate 4 + (-14 + 12 + 6 - -14).
22
6 - (-12 - (6 - 19) - -33)
-28
Calculate (-13 - -1) + (6 - (-2 + 2)) - -3.
-3
Calculate (10 - 3) + -9 + 7 - 6 - 6.
-7
What is (1 - -4) + 0 - (39 - (-10 - -53))?
9
What is the value of -8 + 7 + -13 + 18?
4
What is the value of -9 + (7 + 1 + -18 - 4)?
-23
Evaluate 39 + -55 - (-3 + 8 - 31).
10
What is -1 + 3 - (37 + 20 + -41)?
-14
What is (1 - -2) + 15 + (-4 - 10)?
4
Calculate -1 + (-3 - (2 - 0 - 3)).
-3
-23 + 46 + -19 - -17
21
Evaluate 6 - (9 + (7 + -6 - -2) + 8).
-14
Calculate 7 + -15 + (16 - 28) + -2.
-22
What is -35 + 5 - (33 - 29)?
-34
What is the value of 38 + 7 + -40 - (3 - (0 - -1))?
3
Calculate -31 + (88 - 41) + (0 - 2) + 10.
24
What is the value of 2 - 8 - (-3 - 5)?
2
1 + 1 + 7 - ((-2 - -3) + 3)
5
Calculate 53 - 69 - (-10 - -4).
-10
Calculate 118 + -111 + (-2 + -1 + 0 - -1).
5
What is (-1 - -8) + -12 + 17 + -19 - -4?
-3
0 + (1 - (-1 + 2)) - (-34 - -34)
0
Calculate -24 + 93 + -94 + -3 + 2.
-26
0 + 0 + -4 + (230 - 239)
-13
(42 - 39 - (3 - 1)) + -8 - 6
-13
(14 - (-2 - -3)) + 4
17
What is the value of (-31 - -32) + (-10 - -6) + -1?
-4
What is (1 - -4 - (16 + -19)) + 3 + 7?
18
What is -5 - ((-9 + 2 - -5) + 12)?
-15
Calculate -7 - ((-6 - (-8 - -7)) + -17).
15
Evaluate (2 - -8 - (-1 + 5 - 14)) + 5.
25
What is the value of -10 + 4 - ((-4 - -6) + 5 + -36)?
23
What is the value of -25 - (30 + 6 + -92)?
31
Calculate 3 - -1 - (-21 + -30 + 60).
-5
What is -2 + 0 + 7 + 5 + (6 - 8)?
8
What is the value of (-5 - 4) + 8 + -7 + -5?
-13
What is the value of (6 - -1 - 11 - 20) + -7?
-31
6 + -5 + (-6 - -16) + -15
-4
Evaluate 5 - -1 - (5 - -20).
-19
Evaluate -12 - (-9 - (-9 - -19)) - (0 - 1).
8
Calculate -10 - (36 - (-16 - -28)).
-34
Calculate (24 - 67 - -13) + 53.
23
What is the value of (4 - (-5 + 9)) + 0 + -7?
-7
Wha